to base 13
-1
-132 (base 7) to base 8
-110
What is -10 (base 7) in base 11?
-7
-11 (base 3) to base 9
-4
-1212 (base 3) to base 8
-62
What is -101001 (base 2) in base 10?
-41
Convert 33 (base 4) to base 3.
120
0 (base 16) to base 14
0
14 (base 16) to base 8
24
10 (base 2) to base 3
2
68 (base 9) to base 16
3e
-9 (base 14) to base 5
-14
Convert -11 (base 13) to base 6.
-22
53 (base 11) to base 10
58
What is 34 (base 11) in base 10?
37
Convert -14 (base 7) to base 5.
-21
Convert -3 (base 11) to base 10.
-3
1 (base 15) to base 11
1
What is 1 (base 4) in base 8?
1
452 (base 7) to base 3
22122
What is 3 (base 10) in base 3?
10
What is -5 (base 11) in base 12?
-5
What is 71 (base 12) in base 2?
1010101
2 (base 12) to base 11
2
Convert 0 (base 3) to base 2.
0
Convert 16 (base 7) to base 13.
10
-67 (base 14) to base 3
-10101
What is -2c (base 13) in base 7?
-53
17 (base 12) to base 14
15
What is -27 (base 15) in base 7?
-52
-1 (base 9) to base 2
-1
Convert -202 (base 9) to base 13.
-c8
Convert 226 (base 8) to base 16.
96
2 (base 4) to base 8
2
Convert -e (base 15) to base 9.
-15
0 (base 8) to base 4
0
101111 (base 2) to base 9
52
What is 60 (base 11) in base 4?
1002
What is 110100 (base 2) in base 8?
64
1303 (base 5) to base 2
11001011
Convert 2 (base 12) to base 3.
2
-32 (base 15) to base 2
-101111
What is -105 (base 6) in base 15?
-2b
4a (base 13) to base 6
142
What is -15 (base 6) in base 12?
-b
Convert -15 (base 7) to base 10.
-12
377 (base 9) to base 15
15d
9 (base 11) to base 12
9
-1c (base 15) to base 16
-1b
What is -1301 (base 5) in base 14?
-105
Convert -21 (base 10) to base 3.
-210
What is -357 (base 9) in base 4?
-10213
Convert -122 (base 8) to base 9.
-101
-12 (base 3) to base 9
-5
What is 4 (base 11) in base 13?
4
Convert -33 (base 4) to base 14.
-11
Convert -110010 (base 2) to base 16.
-32
300 (base 6) to base 5
413
-20 (base 8) to base 6
-24
-11201 (base 3) to base 11
-106
-316 (base 8) to base 5
-1311
Convert 6 (base 13) to base 11.
6
Convert 4 (base 7) to base 12.
4
What is 10 (base 6) in base 2?
110
Convert -14 (base 9) to base 16.
-d
Convert -2 (base 7) to base 11.
-2
Convert -100011 (base 2) to base 11.
-32
What is -8 (base 12) in base 16?
-8
Convert 12 (base 5) to base 16.
7
-1 (base 11) to base 9
-1
-2031 (base 4) to base 11
-119
Convert 10111 (base 2) to base 8.
27
Convert 21 (base 12) to base 3.
221
What is -1 (base 4) in base 14?
-1
Convert -11 (base 5) to base 2.
-110
Convert 4a (base 12) to base 16.
3a
What is 0 (base 8) in base 4?
0
What is 2 (base 8) in base 14?
2
Convert -11 (base 14) to base 2.
-1111
Convert -22 (base 3) to base 13.
-8
Convert 110 (base 4) to base 9.
22
-132 (base 5) to base 8
-52
-2 (base 8) to base 12
-2
f5 (base 16) to base 11
203
Convert 2001 (base 3) to base 16.
37
What is 16 (base 13) in base 15?
14
What is -1b (base 13) in base 7?
-33
Convert -101 (base 3) to base 9.
-11
What is -11 (base 10) in base 11?
-10
What is dc (base 16) in base 15?
ea
Convert -8 (base 12) to base 13.
-8
Convert 0 (base 11) to base 13.
0
Convert -4d (base 14) to base 8.
-105
What is 6 (base 11) in base 12?
6
17e (base 16) to base 4
11332
What is 40 (base 10) in base 7?
55
What is 4 (base 6) in base 14?
4
What is 150 (base 11) in base 10?
176
Convert -12 (base 7) to base 11.
-9
Convert 2 (base 8) to base 4.
2
Convert 4 (base 16) to base 9.
4
4 (base 8) to base 7
4
What is -8 (base 16) in base 14?
-8
What is 0 (base 7) in base 3?
0
Convert -200 (base 4) to base 7.
-44
Convert -121 (base 6) to base 14.
-37
-14 (base 15) to base 9
-21
What is -3 (base 9) in base 10?
-3
Convert 1 (base 5) to base 9.
1
What is -7 (base 9) in base 15?
-7
6 (base 8) to base 2
110
What is 37 (base 8) in base 5?
111
What is 11111 (base 2) in base 3?
1011
Convert 211 (base 3) to base 2.
10110
What is c (base 13) in base 10?
12
Convert 2442 (base 5) to base 11.
309
-15 (base 11) to base 15
-11
12 (base 4) to base 15
6
Convert 23 (base 6) to base 7.
21
Convert 3 (base 15) to base 3.
10
What is -58 (base 14) in base 5?
-303
24 (base 15) to base 5
114
-5 (base 12) to base 13
-5
3 (base 9) to base 5
3
4 (base 9) to base 15
4
-1110 (base 3) to base 6
-103
Convert -1202 (base 5) to base 7.
-342
3 (base 9) to base 3
10
-12101 (base 3) to base 9
-171
Convert -a (base 14) to base 5.
-20
Convert 0 (base 9) to base 6.
0
3 (base 8) to base 13
3
What is -23 (base 7) in base 14?
-13
What is 213 (base 5) in base 15?
3d
What is -319 (base 10) in base 11?
-270
What is -125 (base 10) in base 11?
-104
-100101 (base 2) to base 4
-211
35 (base 6) to base 8
27
What is 20 (base 9) in base 13?
15
-8 (base 16) to base 5
-13
What is 11 (base 12) in base 8?
15
Convert -11100 (base 2) to base 7.
-40
Convert -1 (base 7) to base 8.
-1
Convert -3a (base 12) to base 13.
-37
What is 2 (base 12) in base 2?
10
Convert -202 (base 3) to base 7.
-26
Convert 0 (base 3) to base 14.
0
What is -47 (base 16) in base 13?
-56
1 (base 3) to base 8
1
What is -444 (base 9) in base 7?
-1030
20 (base 4) to base 7
11
Convert 1 (base 15) to base 16.
1
Convert 2 (base 6) to base 3.
2
Convert -5 (base 8) to base 12.
-5
-74 (base 15) to base 8
-155
-91 (base 10) to base 3
-10101
-5 (base 10) to base 14
-5
What is 24 (base 13) in base 3?
1010
9 (base 16) to base 10
9
8 (base 14) to base 16
8
Convert -2 (base 5) to base 8.
-2
What is 0 (base 12) in base 16?
0
0 (base 8) to base 14
0
What is -3 (base 14) in base 12?
-3
-5 (base 16) to base 12
-5
What is -2 (base 11) in base 3?
-2
What is 30 (base 6) in base 9?
20
Convert -4 (base 15) to base 9.
-4
5 (base 15) to base 12
5
Convert 13 (base 13) to base 7.
22
What is 25 (base 15) in base 16?
23
-97 (base 14) to base 16
-85
What is 0 (base 13) in base 12?
0
-101001 (base 3) to base 10
-271
What is 2 (base 12) in base 6?
2
-3 (base 6) to base 13
-3
Convert 2 (base 12) to base 4.
2
-110 (base 6) to base 7
-60
What is -25 (base 7) in base 10?
-19
Convert 33 (base 16) to base 2.
110011
Convert -2012 (base 4) to base 2.
-10000110
What is 20 (base 14) in base 15?
1d
-24 (base 7) to base 5
-33
What is 35 (base 7) in base 13?
20
What is -1321 (base 4) in base 15?
-81
7 (base 9) to base 16
7
Convert 3 (base 10) to base 15.
3
6 (base 11) to base 13
6
Convert -210 (base 3) to base 5.
-41
Convert -33 (base 10) to base 7.
-45
Convert -11123 (base 4) to base 12.
-24b
-1 (base 16) to base 2
-1
56 (base 9) to base 16
33
Convert -102 (base 10) to base 3.
-10210
What is 6 (base 14) in base 12?
6
Convert -400 (base 7) to base 3.
-21021
-8 (base 9) to base 6
-12
Convert 3 (base 9) to base 2.
11
What is -28 (base 15) in base 11?
-35
-6 (base 8) to base 11
-6
What is 46 (base 16) in base 12?
5a
Convert 4 (base 14) to base 5.
4
What is 1 (base 5) in base 16?
1
What is -10 (base 7) in base 9?
-7
Convert -9 (base 12) to base 11.
-9
1010000 (base 2) to base 12
68
-2c (base 15) to base 7
-60
What is a (base 12) in base 15?
a
What is -10 (base 4) in base 14?
-4
Convert -33 (base 7) to base 15.
-19
What is 14a (base 11) in base 9?
214
3 (base 5) to base 2
11
64 (base 9) to base 7
112
What is -4 (base 13) in base 6?
-4
Convert 62 (base 7) to base 16.
2c
Convert 57 (base 11) to base 3.
2022
What is 32 (base 16) in base 13?
3b
-3 (base 13) to base 9
-3
What is 1a (base 12) in base 15?
17
Convert 122 (base 8) to base 14.
5c
What is 8 (base 12) in base 7?
11
What is 11 (base 9) in base 7?
13
3 (base 5) to base 12
3
What is -314 (base 6) in base 5?
-433
5 (base 15) to base 16
5
What is -12 (base 7) in base 12?
-9
What is 14 (base 6) in base 12?
a
-15 (base 8) to base 6
-21
What is 102 (base 3) in base 6?
15
Convert 35 (base 7) to base 16.
1a
1 (base 5) to base 10
1
What is 402 (base 6) in base 15?
9b
What is -2b (base 12) in base 6?
-55
0 (base 14) to base 10
0
What is a (base 16) in base 6?
14
-2 (base 7) to base 11
-2
What is 244 (base 9) in base 12?
14a
Convert 1031 (base 5) to base 10.
141
Convert -10d (base 15) to base 5.
-1423
69 (base 11) to base 2
1001011
-2021 (base 3) to base 14
-45
What is -7 (base 15) in base 6?
-11
What is -8a (base 14) in base 2?
-1111010
Convert -110 (base 2) to base 3.
-20
-1 (base 15) to base 6
-1
What is 2 (base 7) in base 6?
2
Convert -22 (base 15) to base 13.
-26
0 (base 11) to base 16
0
What is 114 (base 12) in base 3?
12221
Convert -10010 (base 2) to ba